5/2)/7)/(75/180).
65
Suppose 5*d - 5 - 10 = 0. What is the remainder when -2 + (3 + -1 - -4) is divided by d?
1
Suppose -5*t - 19 - 5 = m, 0 = -m + t - 18. Let l = -3 - m. Calculate the remainder when 59 is divided by l.
11
Suppose 10*f - 200 = -10*f. Calculate the remainder when 25 is divided by f.
5
Let p = -528 - -1239. What is the remainder when p is divided by 42?
39
Let r(v) = v**2 - 24*v - 40. Calculate the remainder when r(26) is divided by 4.
0
Suppose -3*b + 1540 = 7*b. What is the remainder when b is divided by 52?
50
Let s = 27 - -87. Calculate the remainder when s is divided by 29.
27
Suppose 310*x = 290*x + 4500. What is the remainder when x is divided by 12?
9
Suppose 9*m = -5*l + 5*m + 710, 5*l - 695 = -m. Calculate the remainder when l is divided by 10.
8
Let a(z) = -6*z**2 - 4*z - 1. Let u(x) = -5*x**2 - 4*x - 2. Let s(g) = 2*a(g) - 3*u(g). What is the remainder when 11 is divided by s(-2)?
3
Suppose 76 = 515*h - 496*h. What is the remainder when 197 is divided by h?
1
Let k = -1814 + 2399. Calculate the remainder when k is divided by 151.
132
Let c = -74 - -80. Let q(s) be the second derivative of 2*s**3/3 - s**2 - s. Calculate the remainder when q(c) is divided by 6.
4
Let h(c) = -2*c**3 + 4*c**2 + 4*c + 2. Let i be h(-2). Let m = i - 7. Calculate the remainder when 56 is divided by m.
18
Let f(q) = -12*q**2 + 3*q + 4. Let v(s) = -5*s**2 + s + 2. Let y(r) = 2*f(r) - 5*v(r). Calculate the remainder when y(-12) is divided by 27.
22
What is the remainder when (623/28)/((-2)/(-16)) is divided by 45?
43
Let c = 65 - 44. Suppose 584*o + 400 = 589*o. Calculate the remainder when o is divided by c.
17
Let y(j) = j**2 + 39*j - 75. Calculate the remainder when y(-43) is divided by 50.
47
What is the remainder when 4 - ((-360)/(-3))/(-5) is divided by 2/(-5) - (-385)/25?
13
Let t be (2 + (-3)/(-3))/1. Suppose -13*a + 420 = -t*a. What is the remainder when a is divided by 11?
9
Suppose 0 = -9*z + 53 + 145. What is the remainder when z is divided by 6?
4
Suppose b - 160 = -5*n, -229*n + 2*b - 32 = -230*n. What is the remainder when 33 is divided by n?
1
Let l(y) = 16*y**3 - 3*y**2. Suppose -4 = 4*g + 3*h, -5*h - 26 = 3*g - 6*g. What is the remainder when l(g) is divided by 17?
14
What is the remainder when (150/(-4))/(96/(-768)) is divided by 26?
14
Let i(f) = 10*f + 10. Let d be i(3). Let a = d + -22. What is the remainder when 35 is divided by a?
17
Let s be (-1)/(2/5)*-6. Let b be s/3*8/(-5). What is the remainder when b/4 + 2 + 51 is divided by 18?
15
Suppose 0 = 13*m - 79 - 77. Calculate the remainder when 127 is divided by m.
7
Suppose 75*t - 70*t - 4*h - 57 = 0, -6 = -3*h. What is the remainder when t is divided by 10/(-15)*(-24)/2?
5
Let n = -9 - -9. Suppose 3*v + 2*i - 21 = n, 5*i = 9 + 6. Suppose p = 3*d - 13, 55 = 4*d + d + v*p. Calculate the remainder when 23 is divided by d.
5
Let y(j) = 4*j - 9*j - 6 + 2*j**2 + 2*j. Calculate the remainder when 15 is divided by y(-2).
7
Suppose -252 = -5*c - 4*n, 3*c + 57 - 221 = 4*n. Calculate the remainder when 1195 is divided by c.
51
What is the remainder when 1329 is divided by (48/(-10))/(1170/75 - 16)?
9
Suppose 114 = -2*l + 8*l. Calculate the remainder when 241 is divided by l.
13
Suppose 850 = -11*k + 45*k. Suppose 4*v - 15 = 41. What is the remainder when k is divided by v?
11
Suppose 69 = -4*p + 209. Let f(x) = x**2 - 35*x + 99. What is the remainder when f(36) is divided by p?
30
Suppose -2*v - 6 + 0 = 0. Let s = v + 7. Let a(w) = w**3 + 5*w**2 - 7*w + 3. What is the remainder when a(-6) is divided by s?
1
What is the remainder when 124 is divided by 512/36 + 16/(-360)*5?
12
Suppose 2*k + 174 = 4*m, 148 = -3*k + 3*m - 128. Let r = -86 - k. Calculate the remainder when 18 is divided by r.
7
Let t = 82 - 19. Calculate the remainder when 236 is divided by t.
47
Suppose -184*l + 170*l + 5376 = 0. Calculate the remainder when l is divided by 15.
9
Let n(o) = -31*o - 136. Let g(q) = q**2 + 4*q - 4. Let b be g(-6). Let t(f) = f**3 - 8*f**2 + f + 6. Calculate the remainder when n(-7) is divided by t(b).
11
Suppose -5*p = -0*p. Suppose 2*q + d = 2*d + 87, q + d - 42 = p. Let b = -31 + q. What is the remainder when 45 is divided by b?
9
Let k(m) be the first derivative of -m**3/3 - 9*m**2/2 + 19*m - 25. What is the remainder when 24 is divided by k(-10)?
6
Let n(m) = m**2 + 12*m + 13. Let u be n(-9). Calculate the remainder when 17 is divided by ((-60)/(-42))/((-2)/u).
7
Suppose 0 = 58*t - 65*t + 861. Calculate the remainder when 613 is divided by t.
121
Suppose -221 = -13*g + 260. Suppose 143 + g = 5*s. Calculate the remainder when s is divided by (-1)/2*26/(-1).
10
Suppose 6 + 6 = 2*a. Let j(r) = r**3 - 2*r**2 - 10*r + 7. What is the remainder when j(a) is divided by -2*((-115)/2)/5?
22
Suppose k - 16 = -2. Let n = 295 + -187. Let z = 163 - n. What is the remainder when z is divided by k?
13
Let r(l) = -5*l + 4. Let i(v) = 1 + 1 - 13*v + 11 - v**2. What is the remainder when r(-4) is divided by i(-13)?
11
Let a = 175 + -51. Suppose 0 = 2*h + 3*p - 83, -4*h = 3*p - 295 + 126. Calculate the remainder when a is divided by h.
38
Calculate the remainder when 228 is divided by ((-183)/4)/(63/(-84)) + -3.
54
Let h(y) = y**3 - 5*y**2 + 5*y. Let a be h(4). Suppose 111 = -a*v + v. Let s = -4 - v. What is the remainder when s is divided by 12?
9
Let o(v) = 12*v**2 - 14*v + 11. Calculate the remainder when 114 is divided by o(2).
21
Let r = 565 - 269. Calculate the remainder when r is divided by 75.
71
Let b(t) = -59*t**3 - 6*t**2 - t + 1. Let j(f) = 118*f**3 + 13*f**2 + 2*f - 2. Let o(l) = 7*b(l) + 3*j(l). Calculate the remainder when o(-1) is divided by 20.
18
Suppose 2*m + 50 = 4*m. Suppose -i + 9 = -6. Calculate the remainder when m is divided by i.
10
Suppose 0*h + 4*h = s - 13, -2*s + 3*h = -36. Let t be ((-14)/s)/((-2)/12). Suppose 0*u = t*u - 228. Calculate the remainder when u is divided by 20.
17
Let p(a) = -a**3 + 11*a**2 + 27*a + 18. What is the remainder when 4256/36 + 6/(-27) is divided by p(13)?
25
Let a be (6/(-9) - (-2)/3) + -47. Let r = 60 + a. What is the remainder when 87 is divided by r?
9
Suppose 0 = 5*a + 2*b - 1541, 3*a + 4*b - 611 = 308. What is the remainder when a is divided by 15?
9
Let c(f) = -22*f - 8. Let g be c(-7). Let l = -86 + g. What is the remainder when l is divided by 31?
29
Let c be (6 - 0)/(6 + -4). Suppose -5*f - 26 = 3*q, f = 3*q - 1 + 3. What is the remainder when (-7)/c*(f - 11) is divided by 19?
16
Suppose 4*j - 3*i - 105 = 0, -17*i + 21*i = 2*j - 50. Calculate the remainder when j is divided by 16.
11
Let u = -1 - 1. Suppose -5*m - 3*y = -117, 0 = -2*m - 0*m + 2*y + 34. What is the remainder when u/(-4) + (-484)/(-8) is divided by m?
19
Calculate the remainder when (-54)/(9 - 3) + 83 is divided by 16.
10
Suppose 5*u - 124 = -s, -5*s - 80 = 24*u - 27*u. Calculate the remainder when 197 is divided by u.
22
Let j = 3 - -2. Suppose 4*a = r + j, 2*r - a + 0*a = 11. Let u = 165 - 138. What is the remainder when u is divided by r?
6
Let h = 7 - -8. Let m = h - 10. Suppose 12 = v + 5*i, v = m*v - 5*i - 98. What is the remainder when 63 is divided by v?
19
Let d = 887 + -579. What is the remainder when d is divided by 62?
60
Suppose 5*i - 178 = -28. Suppose -2*f - 2*r + 12 = 0, 0*f + 12 = f - 2*r. What is the remainder when i is divided by f?
6
Suppose -5*j - 166 = -26. Let m = 75 - j. Calculate the remainder when m is divided by 26.
25
Let s(p) = p**2 + 13*p + 46. Let i be s(-11). Suppose -2 = c - i. What is the remainder when 38 is divided by c?
16
Suppose 5*s + 5*f - 4*f - 50 = 0, 50 = 5*s + 5*f. What is the remainder when s/4*(-22)/(-5) is divided by 3?
2
Let q(d) = -3*d - 48. Let m be q(-16). Suppose m*t + t - 4 = 0. Let i = 28 - 15. What is the remainder when i is divided by t?
1
Suppose 39*a = 2545 + 575. What is the remainder when 351 is divided by a?
31
Let u(b) be the second derivative of -b**3/2 - 7*b**2/2 + 3*b. Suppose -37 = -3*r - 52. Calculate the remainder when 30 is divided by u(r).
6
Suppose -378 = 12*h - 1518. Calculate the remainder when 2563 is divided by h.
93
Suppose -8*g = -3*g - 20, 2*y + 26 = 4*g. Suppose 4*q = -o + 25, 4*o + 17 = 2*q - 9. Calculate the remainder when -50*(2 + 12/y) is divided by q.
6
Suppose -f + 25 = -2*x, 4*f 